
2, 5, 7
Let h(r) = r**2 - 6*r + 23. Let j be h(13). Suppose 10*p - 8*p = -j. Let k = p + 120. What are the prime factors of k?
3, 7
List the prime factors of (47928/32)/(18/24).
1997
Let q be (3 + 2)*(7 + -6). Suppose 29 = 4*r - 7*v + 2*v, 5*v + q = 0. What are the prime factors of (16/6 + 4)*r?
2, 5
Let n = -52 - -95. Let p = 48 - n. Suppose p*d - 788 = 657. List the prime factors of d.
17
Suppose 3*a = 3*g - a - 978, -3*g + 972 = -2*a. Let v = g + -158. Let m = 247 - v. List the prime factors of m.
83
Let n(o) = o**3 - 20*o**2 + 8*o - 31. Suppose -18 - 62 = -4*u. Let q be n(u). Suppose -a + q = 2*x, -4 = -3*x + 5. What are the prime factors of a?
3, 41
Let t(l) = 18*l - 60. Suppose 3*z - 25 = -5*w - 3, 5*z - 46 = w. What are the prime factors of t(z)?
2, 3, 17
Let k = -42 - -44. Suppose -2*h - k*j + 492 = 0, 5*j + 770 = 9*h - 6*h. List the prime factors of h.
2, 5
Let b be 520/((-1)/(-3)*(14 - 11)). Let s = 658 - b. What are the prime factors of s?
2, 3, 23
Let d(r) = -3*r - 12. Let p(x) = x**2 - 7*x + 3. Let h be p(7). Let i(j) = j + 1. Let g(o) = h*d(o) + 21*i(o). What are the prime factors of g(5)?
3, 5
Let p = 9921 + -6843. What are the prime factors of p?
2, 3, 19
Let b = -22530 - -36636. List the prime factors of b.
2, 3, 2351
Let n(x) = -19*x - 8 - 5*x + 5*x - 63*x + 0. What are the prime factors of n(-14)?
2, 3, 5, 19
Suppose 9*u + 4*y - 6470 = 7*u, 4*y = 11*u - 35481. List the prime factors of u.
7, 461
Suppose 7383 = 4*l - 5*o, 0 = -4*l - 2*o + o + 7365. Suppose 14*v = 12*v + l. List the prime factors of v.
3, 307
Let z(h) = 4*h**2 + 27 + 19 - 24*h - 81. What are the prime factors of z(12)?
11, 23
Let z(f) be the first derivative of -f**4/2 + f**3/3 + 2*f**2 + 7*f + 10. Let s be 5/(-5) - -2*(-3 + 2). What are the prime factors of z(s)?
2, 29
Let w(c) = 4*c**2 + 93*c + 394. List the prime factors of w(-59).
8831
Let t(s) = 13*s**2 - 120*s + 45. What are the prime factors of t(24)?
3, 11, 47
Let s = -174 + 246. Suppose -15*o = -18*o - s. What are the prime factors of ((-18)/o)/((-3)/(-804))?
3, 67
Let q = -44 - 64. Let y = 65 + q. Let d = 137 + y. What are the prime factors of d?
2, 47
Let v = -61 + 3249. Suppose v = 5*k - 4*i, 5*k + 2*i - 2931 = 245. What are the prime factors of k?
2, 3, 53
Let m = -23 + 35. Let k(w) be the second derivative of -w**5/20 + 13*w**4/12 - 5*w**3/6 + 19*w**2/2 + 61*w. List the prime factors of k(m).
103
Suppose -44*v + 421 = -45*v. Let l = 610 + v. List the prime factors of l.
3, 7
Let o = -166 - -401. Suppose w = -3*y + o, -5*w = -w + 3*y - 976. What are the prime factors of w?
13, 19
Let f(g) = -g**2 + 3*g + 18. Let z be f(6). Let d(i) = 3*i**2 + 2*i + 186. What are the prime factors of d(z)?
2, 3, 31
Let n = 26604 + -12995. What are the prime factors of n?
31, 439
Let k = 64106 - 28302. List the prime factors of k.
2, 8951
Suppose -4*i + 7*i = 3*y - 42, -y - 2*i = -14. Suppose -y*o + 4766 + 4684 = 0. List the prime factors of o.
3, 5
List the prime factors of (1 - -5496) + (-16)/(-8).
3, 13, 47
Let y = -81 - -95. Suppose -y*n = -8*n - 6930. What are the prime factors of n?
3, 5, 7, 11
Let k(d) = 16*d + 88. Let s(g) = 17*g + 88. Let c(u) = 2*k(u) - 3*s(u). What are the prime factors of c(-20)?
2, 73
Suppose 5*t + 4*g = -4204 + 54132, 2*t - 19995 = -5*g. What are the prime factors of t?
2, 5, 499
Let z(g) = 1343 + 2*g**2 - g**2 - 1313 - 15*g. List the prime factors of z(-15).
2, 3, 5
Suppose -k = 0, 12 = 4*v - k - 0*k. Let u(f) = 19*f - 2*f - 15*f + 46*f + 21. List the prime factors of u(v).
3, 5, 11
Let v be 0*(3 + -4)*(-6 - -5). Suppose -q + 1904 = -t, 3*q = -v*q - 3*t + 5706. List the prime factors of q.
11, 173
Suppose 375 = 2*k - b - 4*b, 195 = k - 5*b. Let j(s) = 6*s**3 + 6*s**2 + 12*s + 14. Let h be j(-2). Let t = k + h. What are the prime factors of t?
2, 73
Let g = -4140 - -9348. List the prime factors of g.
2, 3, 7, 31
Let v(p) = 7*p**2 + 17*p + 90. Let a be v(-8). Let f = a - 10. What are the prime factors of f?
2, 7
Let r(d) = -3*d - 19. Let v be r(-17). Let c = -30 + v. Suppose 0*h = -j - c*h + 2, 4*j + h - 29 = 0. What are the prime factors of j?
2
Let g be (-423)/(-25) - (-2)/25. Suppose -g*u + 6391 + 21421 = 0. List the prime factors of u.
2, 409
Suppose 570721 = 69*q - 113759. What are the prime factors of q?
2, 5, 31
Let v(p) = -165*p**2 - 15*p + 7. Let m(q) = -167*q**2 - 17*q + 7. Let j(a) = 4*m(a) - 5*v(a). List the prime factors of j(-3).
5, 277
Suppose -s - 9*h + 7*h + 4417 = 0, -2*s = h - 8837. List the prime factors of s.
3, 491
Let d be 0 + 3/(-3) + 3. Suppose -d*p + 274 = y, 2*y - 3*p = -102 + 678. List the prime factors of y.
2, 3, 47
Let p(r) = -3163*r + 3448. List the prime factors of p(-5).
3, 6421
Suppose -1799 = -2*k + 2731. Suppose -5*x + k = 5*s, -5*s + 0*s = 2*x - 903. List the prime factors of x.
2, 227
Let k = 74545 - 44041. What are the prime factors of k?
2, 3, 31, 41
Suppose -11*z + 7449 + 28840 = 0. List the prime factors of z.
3299
Suppose -21*p + 21*p = 5*p - 63755. List the prime factors of p.
41, 311
Suppose 0 = 2*c + 6, 5*v + 11*c - 7*c = 47498. List the prime factors of v.
2, 4751
Suppose -u - 2 + 7 = -3*j, -4*u = -5*j - 27. Suppose 0*f - 8 = -f. Suppose -2*t + u = 0, f*z - 120 = 4*z + t. List the prime factors of z.
31
Let b = 37 - 35. Let c(f) = -11*f**3 - 3*f**2 + 1 + 5*f**3 + f + b*f**2 - 13*f**3. What are the prime factors of c(-1)?
2, 3
Let z(y) = 2*y + 91. Let h(x) = x + 3. Let r be h(5). Suppose r*j + 53 = 7*j - 5*t, -4*j - 87 = -5*t. What are the prime factors of z(j)?
5, 7
Let o(x) = -7*x - 11. Let c(t) = 4*t + 7. Let r(p) = -5*c(p) - 3*o(p). Let l = 46 - 24. List the prime factors of r(l).
2, 5
Let x = -152 - -137. Suppose 4*t = -4*n - 1292, 3*n - n = 2*t + 650. What are the prime factors of (t/45)/(2/x)?
2, 3
Let q be 1 + (-16)/(-5) - 6/30. Suppose -q*n = -2*g - 100, -2*n + 4*g + 42 = 7*g. Suppose -n*c + 28*c - 224 = 0. What are the prime factors of c?
2, 7
Let p be 759/44*(0/(-1) - 16). Let c = -31 - p. What are the prime factors of c?
5, 7
Suppose 42*u = 30*u + 48. Suppose 8*d - u*d = -3*a + 52, 0 = -a. What are the prime factors of d?
13
Let o = 497 + -1202. Let w = -2359 + o. List the prime factors of 1/(4 + 0) + w/(-32).
2, 3
Let a(j) = -4*j**3 - 3*j**2 - 7*j - 1405. Let i(k) = k**3 - k**2 + k + 1. Let x(n) = -a(n) - 5*i(n). What are the prime factors of x(0)?
2, 5, 7
Let s = 16013 - 7653. List the prime factors of s.
2, 5, 11, 19
Suppose -9 = -5*f + 1. Suppose 2*j + 5*d = -135, f*d + 0 = -6. Let b = j - -98. List the prime factors of b.
2, 19
Let n(v) = 3*v - 41. Let h be n(18). Suppose -u = -5*s + h, s + 4*s - 5*u - 25 = 0. List the prime factors of (-6330)/(-40) + s/(-8).
2, 79
Suppose 4*j = 12 - 16. Let q(y) = -1. Let d(n) = 95*n - 2. Let p(f) = j*d(f) - 2*q(f). List the prime factors of p(-2).
2, 97
Suppose -2*g = -5*d - 9300, g + 0*g = 4*d + 4641. List the prime factors of g.
3, 5, 311
Suppose 2436*d = 2434*d + 93668. What are the prime factors of d?
2, 23417
Suppose 4*w - 206 = 2*a, -2*a - 98 = -5*w + 160. Suppose 51*v = w*v - 431. List the prime factors of v.
431
Suppose -5 = -b, z - 5*b + 72 - 17 = 0. Let h be z/(-12) + (-1)/2. Suppose h*w = 299 - 69. List the prime factors of w.
5, 23
Suppose 53819 = -4*j + 2*j + u, 5*j = 3*u - 134545. List the prime factors of (-4)/38 - (0 + j/76).
2, 3, 59
Suppose 12*r - 214 - 14 = 0. What are the prime factors of 8/(-76) - (-1370)/r?
2, 3
What are the prime factors of (861/(-1148)*(-20)/6)/(1/2794)?
5, 11, 127
Let n = 3182 - -148. Suppose 7*q + 2*q - n = 0. List the prime factors of q.
2, 5, 37
Let l be (-27)/(-63) + (-25)/(-7). Suppose l*d - 6*d + 8 = 0. Suppose 117 = 5*h - d*u, 5*h - 103 = -3*u + 28. List the prime factors of h.
5
Suppose -31*v = 2509 - 303302. What are the prime factors of v?
31, 313
Let j(k) = -7670*k + 8401. List the prime factors of j(-5).
46751
Let k(j) = 5 - j + 12*j + j**2 - 8*j. Let u be k(-3). What are the prime factors of (4/6)/((-1067)/(-213) - u)?
71
Suppose -26*h = -4333 + 17. Suppose 0 = -6*k + 8186 + h. What are the prime factors of k?
2, 3, 29
Suppose 0 = 43*w + 40113 - 41632 - 137199. What are the prime factors of w?
2, 1613
Suppose -2*m + 3766 = 4*t, -3*t + 1868 = -t - 4*m. Let h = -392 + t. What are the prime factors of h?
2, 137
Let z(s) = 6*s**3 - 